{"id":11915,"date":"2026-03-13T11:15:44","date_gmt":"2026-03-13T10:15:44","guid":{"rendered":"https:\/\/plutomeubles.com\/?post_type=product&#038;p=11915"},"modified":"2026-03-14T14:27:17","modified_gmt":"2026-03-14T13:27:17","slug":"table-a-manger-lagos-51823-5","status":"publish","type":"product","link":"https:\/\/plutomeubles.com\/?product=table-a-manger-lagos-51823-5","title":{"rendered":"Table \u00e0 manger Lagos 51823-5"},"content":{"rendered":"<h4><b>Structure g\u00e9n\u00e9rale\u00a0<\/b><\/h4>\n<ul>\n<li style=\"font-weight: 400;\" aria-level=\"1\"><b>Type de produit<\/b> <b>:<\/b><span style=\"font-weight: 400;\"> Table \u00e0 manger<\/span><\/li>\n<li style=\"font-weight: 400;\" aria-level=\"1\"><b>Nombre de personnes<\/b> <b>:<\/b><span style=\"font-weight: 400;\"> 4 \u00e0 6<\/span><\/li>\n<li style=\"font-weight: 400;\" aria-level=\"1\"><b>Couleur : <\/b><span style=\"font-weight: 400;\">Ch\u00eane naturel<\/span><\/li>\n<li style=\"font-weight: 400;\" aria-level=\"1\"><b>Forme<\/b> <b>:<\/b><span style=\"font-weight: 400;\"> Ovale<\/span><\/li>\n<li style=\"font-weight: 400;\" aria-level=\"1\"><b>Style<\/b> <b>:<\/b><span style=\"font-weight: 400;\"> Design &#8211; Japandi<\/span><\/li>\n<li style=\"font-weight: 400;\" aria-level=\"1\"><b>Extensible<\/b> <b>:<\/b><span style=\"font-weight: 400;\"> Non<\/span><\/li>\n<\/ul>\n<h4><b>Mat\u00e9riaux et finition\u00a0<\/b><\/h4>\n<ul>\n<li style=\"font-weight: 400;\" aria-level=\"1\"><b>Mat\u00e9riau du plateau<\/b> <b>:<\/b><span style=\"font-weight: 400;\"> MDF (25 mm) avec rev\u00eatement papier 3D<\/span><\/li>\n<li style=\"font-weight: 400;\" aria-level=\"1\"><b>Couleur du plateau<\/b> <b>:<\/b><span style=\"font-weight: 400;\"> Ch\u00eane naturel<\/span><\/li>\n<li style=\"font-weight: 400;\" aria-level=\"1\"><b>Mat\u00e9riau du pi\u00e9tement<\/b> <b>:<\/b><span style=\"font-weight: 400;\"> Structure MDF<\/span><\/li>\n<li style=\"font-weight: 400;\" aria-level=\"1\"><b>Couleur du pi\u00e9tement<\/b> <b>:<\/b><span style=\"font-weight: 400;\"> Ch\u00eane naturel<\/span><\/li>\n<li style=\"font-weight: 400;\" aria-level=\"1\"><b>Type de pi\u00e9tement<\/b> <b>:<\/b><span style=\"font-weight: 400;\"> 2 pieds<\/span><\/li>\n<\/ul>\n<h4><b>Dimensions g\u00e9n\u00e9rales\u00a0<\/b><\/h4>\n<ul>\n<li style=\"font-weight: 400;\" aria-level=\"1\"><b>Longueur<\/b> <b>:<\/b><span style=\"font-weight: 400;\"> 220 cm<\/span><\/li>\n<li style=\"font-weight: 400;\" aria-level=\"1\"><b>Largeur<\/b> <b>:<\/b><span style=\"font-weight: 400;\"> 110 cm<\/span><\/li>\n<li style=\"font-weight: 400;\" aria-level=\"1\"><b>Hauteur<\/b> <b>:<\/b><span style=\"font-weight: 400;\"> 76 cm<\/span><\/li>\n<li style=\"font-weight: 400;\" aria-level=\"1\"><b>Distance entre les pieds<\/b> <b>:<\/b><span style=\"font-weight: 400;\"> 114 cm<\/span><\/li>\n<\/ul>\n<h4><b>Dimensions et poids des colis\u00a0<\/b><\/h4>\n<ul>\n<li style=\"font-weight: 400;\" aria-level=\"1\"><b>Colis 1<\/b> <b>:<\/b><span style=\"font-weight: 400;\"> L.233 x P.124 x H.10 cm \/ 50 kg<\/span><\/li>\n<li style=\"font-weight: 400;\" aria-level=\"1\"><b>Colis 2<\/b> <b>:<\/b><span style=\"font-weight: 400;\"> L.67 x P.59 x H.82 cm \/ 24,6 kg<\/span><\/li>\n<li style=\"font-weight: 400;\" aria-level=\"1\"><b>Volume total<\/b> <b>:<\/b><span style=\"font-weight: 400;\"> 0,596 m\u00b3<\/span><\/li>\n<li style=\"font-weight: 400;\" aria-level=\"1\"><b>Poids brut<\/b> <b>:<\/b><span style=\"font-weight: 400;\"> 74,60 kg<\/span><\/li>\n<li style=\"font-weight: 400;\" aria-level=\"1\"><b>Poids net<\/b> <b>:<\/b><span style=\"font-weight: 400;\"> 65,20 kg<\/span><\/li>\n<\/ul>\n<h4><b>Informations pratiques\u00a0<\/b><\/h4>\n<ul>\n<li style=\"font-weight: 400;\" aria-level=\"1\"><b>Couleur principale<\/b> <b>:<\/b><span style=\"font-weight: 400;\"> Ch\u00eane naturel<\/span><\/li>\n<li style=\"font-weight: 400;\" aria-level=\"1\"><b>R\u00e9f\u00e9rence :<\/b><span style=\"font-weight: 400;\"> RS5182305<\/span><\/li>\n<li style=\"font-weight: 400;\" aria-level=\"1\"><b>Barcode :<\/b> <span style=\"font-weight: 400;\">54008600182352<\/span><\/li>\n<li style=\"font-weight: 400;\" aria-level=\"1\"><b>\u00c0 monter soi-m\u00eame<\/b> <b>:<\/b> Oui (livr\u00e9 en kit)<\/li>\n<\/ul>\n","protected":false},"excerpt":{"rendered":"<p>Structure g\u00e9n\u00e9rale\u00a0 Type de produit : Table \u00e0 manger Nombre de personnes : 4 \u00e0 6 Couleur : Ch\u00eane naturel Forme : Ovale Style : Design &#8211; Japandi Extensible : Non Mat\u00e9riaux et finition\u00a0 Mat\u00e9riau du plateau : MDF (25 mm) avec rev\u00eatement papier 3D Couleur du plateau : Ch\u00eane naturel Mat\u00e9riau du pi\u00e9tement : [&hellip;]<\/p>\n","protected":false},"featured_media":11767,"comment_status":"open","ping_status":"closed","template":"","meta":{"_monsterinsights_skip_tracking":false,"_monsterinsights_sitenote_active":false,"_monsterinsights_sitenote_note":"","_monsterinsights_sitenote_category":0},"product_brand":[],"product_cat":[54,57],"product_tag":[],"class_list":{"0":"post-11915","1":"product","2":"type-product","3":"status-publish","4":"has-post-thumbnail","6":"product_cat-sejour","7":"product_cat-table-a-manger","9":"first","10":"instock","11":"shipping-taxable","12":"product-type-simple","13":"add-to-wishlist-after_add_to_cart"},"yoast_head":"<!-- This site is optimized with the Yoast SEO plugin v26.3 - https:\/\/yoast.com\/wordpress\/plugins\/seo\/ -->\n<title>Table \u00e0 manger Lagos 51823-5 - Pluto Meubles<\/title>\n<meta name=\"robots\" content=\"noindex, follow, max-snippet:-1, max-image-preview:large, max-video-preview:-1\" \/>\n<meta property=\"og:locale\" content=\"fr_FR\" \/>\n<meta property=\"og:type\" content=\"article\" \/>\n<meta property=\"og:title\" content=\"Table \u00e0 manger Lagos 51823-5 - Pluto Meubles\" \/>\n<meta property=\"og:description\" content=\"Structure g\u00e9n\u00e9rale\u00a0 Type de produit : Table \u00e0 manger Nombre de personnes : 4 \u00e0 6 Couleur : Ch\u00eane naturel Forme : Ovale Style : Design &#8211; Japandi Extensible : Non Mat\u00e9riaux et finition\u00a0 Mat\u00e9riau du plateau : MDF (25 mm) avec rev\u00eatement papier 3D Couleur du plateau : Ch\u00eane naturel Mat\u00e9riau du pi\u00e9tement : [&hellip;]\" \/>\n<meta property=\"og:url\" content=\"https:\/\/plutomeubles.com\/?product=table-a-manger-lagos-51823-5\" \/>\n<meta property=\"og:site_name\" content=\"Pluto Meubles\" \/>\n<meta property=\"article:modified_time\" content=\"2026-03-14T13:27:17+00:00\" \/>\n<meta property=\"og:image\" content=\"https:\/\/plutomeubles.com\/wp-content\/uploads\/2026\/03\/Table-a-manger-ovale-Lagonia-decor-chene-naturel-5182305-3.jpg\" \/>\n\t<meta property=\"og:image:width\" content=\"1500\" \/>\n\t<meta property=\"og:image:height\" content=\"1000\" \/>\n\t<meta property=\"og:image:type\" content=\"image\/jpeg\" \/>\n<meta name=\"twitter:card\" content=\"summary_large_image\" \/>\n<meta name=\"twitter:label1\" content=\"Dur\u00e9e de lecture estim\u00e9e\" \/>\n\t<meta name=\"twitter:data1\" content=\"1 minute\" \/>\n<script type=\"application\/ld+json\" class=\"yoast-schema-graph\">{\"@context\":\"https:\/\/schema.org\",\"@graph\":[{\"@type\":\"WebPage\",\"@id\":\"https:\/\/plutomeubles.com\/?product=table-a-manger-lagos-51823-5\",\"url\":\"https:\/\/plutomeubles.com\/?product=table-a-manger-lagos-51823-5\",\"name\":\"Table \u00e0 manger Lagos 51823-5 - Pluto Meubles\",\"isPartOf\":{\"@id\":\"https:\/\/plutomeubles.com\/#website\"},\"primaryImageOfPage\":{\"@id\":\"https:\/\/plutomeubles.com\/?product=table-a-manger-lagos-51823-5#primaryimage\"},\"image\":{\"@id\":\"https:\/\/plutomeubles.com\/?product=table-a-manger-lagos-51823-5#primaryimage\"},\"thumbnailUrl\":\"https:\/\/plutomeubles.com\/wp-content\/uploads\/2026\/03\/Table-a-manger-ovale-Lagonia-decor-chene-naturel-5182305-3.jpg\",\"datePublished\":\"2026-03-13T10:15:44+00:00\",\"dateModified\":\"2026-03-14T13:27:17+00:00\",\"breadcrumb\":{\"@id\":\"https:\/\/plutomeubles.com\/?product=table-a-manger-lagos-51823-5#breadcrumb\"},\"inLanguage\":\"fr-FR\",\"potentialAction\":[{\"@type\":\"ReadAction\",\"target\":[\"https:\/\/plutomeubles.com\/?product=table-a-manger-lagos-51823-5\"]}]},{\"@type\":\"ImageObject\",\"inLanguage\":\"fr-FR\",\"@id\":\"https:\/\/plutomeubles.com\/?product=table-a-manger-lagos-51823-5#primaryimage\",\"url\":\"https:\/\/plutomeubles.com\/wp-content\/uploads\/2026\/03\/Table-a-manger-ovale-Lagonia-decor-chene-naturel-5182305-3.jpg\",\"contentUrl\":\"https:\/\/plutomeubles.com\/wp-content\/uploads\/2026\/03\/Table-a-manger-ovale-Lagonia-decor-chene-naturel-5182305-3.jpg\",\"width\":1500,\"height\":1000},{\"@type\":\"BreadcrumbList\",\"@id\":\"https:\/\/plutomeubles.com\/?product=table-a-manger-lagos-51823-5#breadcrumb\",\"itemListElement\":[{\"@type\":\"ListItem\",\"position\":1,\"name\":\"Accueil\",\"item\":\"https:\/\/plutomeubles.com\/\"},{\"@type\":\"ListItem\",\"position\":2,\"name\":\"Shop\",\"item\":\"https:\/\/plutomeubles.com\/?page_id=6360\"},{\"@type\":\"ListItem\",\"position\":3,\"name\":\"Table \u00e0 manger Lagos 51823-5\"}]},{\"@type\":\"WebSite\",\"@id\":\"https:\/\/plutomeubles.com\/#website\",\"url\":\"https:\/\/plutomeubles.com\/\",\"name\":\"Pluto Meubles\",\"description\":\"\",\"potentialAction\":[{\"@type\":\"SearchAction\",\"target\":{\"@type\":\"EntryPoint\",\"urlTemplate\":\"https:\/\/plutomeubles.com\/?s={search_term_string}\"},\"query-input\":{\"@type\":\"PropertyValueSpecification\",\"valueRequired\":true,\"valueName\":\"search_term_string\"}}],\"inLanguage\":\"fr-FR\"}]}<\/script>\n<!-- \/ Yoast SEO plugin. -->","yoast_head_json":{"title":"Table \u00e0 manger Lagos 51823-5 - Pluto Meubles","robots":{"index":"noindex","follow":"follow","max-snippet":"max-snippet:-1","max-image-preview":"max-image-preview:large","max-video-preview":"max-video-preview:-1"},"og_locale":"fr_FR","og_type":"article","og_title":"Table \u00e0 manger Lagos 51823-5 - Pluto Meubles","og_description":"Structure g\u00e9n\u00e9rale\u00a0 Type de produit : Table \u00e0 manger Nombre de personnes : 4 \u00e0 6 Couleur : Ch\u00eane naturel Forme : Ovale Style : Design &#8211; Japandi Extensible : Non Mat\u00e9riaux et finition\u00a0 Mat\u00e9riau du plateau : MDF (25 mm) avec rev\u00eatement papier 3D Couleur du plateau : Ch\u00eane naturel Mat\u00e9riau du pi\u00e9tement : [&hellip;]","og_url":"https:\/\/plutomeubles.com\/?product=table-a-manger-lagos-51823-5","og_site_name":"Pluto Meubles","article_modified_time":"2026-03-14T13:27:17+00:00","og_image":[{"width":1500,"height":1000,"url":"https:\/\/plutomeubles.com\/wp-content\/uploads\/2026\/03\/Table-a-manger-ovale-Lagonia-decor-chene-naturel-5182305-3.jpg","type":"image\/jpeg"}],"twitter_card":"summary_large_image","twitter_misc":{"Dur\u00e9e de lecture estim\u00e9e":"1 minute"},"schema":{"@context":"https:\/\/schema.org","@graph":[{"@type":"WebPage","@id":"https:\/\/plutomeubles.com\/?product=table-a-manger-lagos-51823-5","url":"https:\/\/plutomeubles.com\/?product=table-a-manger-lagos-51823-5","name":"Table \u00e0 manger Lagos 51823-5 - Pluto Meubles","isPartOf":{"@id":"https:\/\/plutomeubles.com\/#website"},"primaryImageOfPage":{"@id":"https:\/\/plutomeubles.com\/?product=table-a-manger-lagos-51823-5#primaryimage"},"image":{"@id":"https:\/\/plutomeubles.com\/?product=table-a-manger-lagos-51823-5#primaryimage"},"thumbnailUrl":"https:\/\/plutomeubles.com\/wp-content\/uploads\/2026\/03\/Table-a-manger-ovale-Lagonia-decor-chene-naturel-5182305-3.jpg","datePublished":"2026-03-13T10:15:44+00:00","dateModified":"2026-03-14T13:27:17+00:00","breadcrumb":{"@id":"https:\/\/plutomeubles.com\/?product=table-a-manger-lagos-51823-5#breadcrumb"},"inLanguage":"fr-FR","potentialAction":[{"@type":"ReadAction","target":["https:\/\/plutomeubles.com\/?product=table-a-manger-lagos-51823-5"]}]},{"@type":"ImageObject","inLanguage":"fr-FR","@id":"https:\/\/plutomeubles.com\/?product=table-a-manger-lagos-51823-5#primaryimage","url":"https:\/\/plutomeubles.com\/wp-content\/uploads\/2026\/03\/Table-a-manger-ovale-Lagonia-decor-chene-naturel-5182305-3.jpg","contentUrl":"https:\/\/plutomeubles.com\/wp-content\/uploads\/2026\/03\/Table-a-manger-ovale-Lagonia-decor-chene-naturel-5182305-3.jpg","width":1500,"height":1000},{"@type":"BreadcrumbList","@id":"https:\/\/plutomeubles.com\/?product=table-a-manger-lagos-51823-5#breadcrumb","itemListElement":[{"@type":"ListItem","position":1,"name":"Accueil","item":"https:\/\/plutomeubles.com\/"},{"@type":"ListItem","position":2,"name":"Shop","item":"https:\/\/plutomeubles.com\/?page_id=6360"},{"@type":"ListItem","position":3,"name":"Table \u00e0 manger Lagos 51823-5"}]},{"@type":"WebSite","@id":"https:\/\/plutomeubles.com\/#website","url":"https:\/\/plutomeubles.com\/","name":"Pluto Meubles","description":"","potentialAction":[{"@type":"SearchAction","target":{"@type":"EntryPoint","urlTemplate":"https:\/\/plutomeubles.com\/?s={search_term_string}"},"query-input":{"@type":"PropertyValueSpecification","valueRequired":true,"valueName":"search_term_string"}}],"inLanguage":"fr-FR"}]}},"_links":{"self":[{"href":"https:\/\/plutomeubles.com\/index.php?rest_route=\/wp\/v2\/product\/11915","targetHints":{"allow":["GET"]}}],"collection":[{"href":"https:\/\/plutomeubles.com\/index.php?rest_route=\/wp\/v2\/product"}],"about":[{"href":"https:\/\/plutomeubles.com\/index.php?rest_route=\/wp\/v2\/types\/product"}],"replies":[{"embeddable":true,"href":"https:\/\/plutomeubles.com\/index.php?rest_route=%2Fwp%2Fv2%2Fcomments&post=11915"}],"wp:featuredmedia":[{"embeddable":true,"href":"https:\/\/plutomeubles.com\/index.php?rest_route=\/wp\/v2\/media\/11767"}],"wp:attachment":[{"href":"https:\/\/plutomeubles.com\/index.php?rest_route=%2Fwp%2Fv2%2Fmedia&parent=11915"}],"wp:term":[{"taxonomy":"product_brand","embeddable":true,"href":"https:\/\/plutomeubles.com\/index.php?rest_route=%2Fwp%2Fv2%2Fproduct_brand&post=11915"},{"taxonomy":"product_cat","embeddable":true,"href":"https:\/\/plutomeubles.com\/index.php?rest_route=%2Fwp%2Fv2%2Fproduct_cat&post=11915"},{"taxonomy":"product_tag","embeddable":true,"href":"https:\/\/plutomeubles.com\/index.php?rest_route=%2Fwp%2Fv2%2Fproduct_tag&post=11915"}],"curies":[{"name":"wp","href":"https:\/\/api.w.org\/{rel}","templated":true}]}}